[INFO] fetching crate abbegm 0.4.1...
[INFO] checking abbegm-0.4.1 against try#72f88fc4e9458f89516a0b8b0868f3718aec5b47 for pr-74989
[INFO] extracting crate abbegm 0.4.1 into /workspace/builds/worker-8/source
[INFO] validating manifest of crates.io crate abbegm 0.4.1 on toolchain 72f88fc4e9458f89516a0b8b0868f3718aec5b47
[INFO] running `Command { std: "/workspace/cargo-home/bin/cargo" "+72f88fc4e9458f89516a0b8b0868f3718aec5b47" "read-manifest" "--manifest-path" "Cargo.toml", kill_on_drop: false }`
[INFO] started tweaking crates.io crate abbegm 0.4.1
[INFO] finished tweaking crates.io crate abbegm 0.4.1
[INFO] tweaked toml for crates.io crate abbegm 0.4.1 written to /workspace/builds/worker-8/source/Cargo.toml
[INFO] crate crates.io crate abbegm 0.4.1 already has a lockfile, it will not be regenerated
[INFO] running `Command { std: "/workspace/cargo-home/bin/cargo" "+72f88fc4e9458f89516a0b8b0868f3718aec5b47" "fetch" "--locked" "--manifest-path" "Cargo.toml", kill_on_drop: false }`
[INFO] [stderr]  Downloading crates ...
[INFO] [stderr]   Downloaded assert2-macros v0.2.1
[INFO] [stderr]   Downloaded assert2 v0.2.1
[INFO] running `Command { std: "docker" "create" "-v" "/var/lib/crater-agent-workspace/builds/worker-8/target:/opt/rustwide/target:rw,Z" "-v" "/var/lib/crater-agent-workspace/builds/worker-8/source:/opt/rustwide/workdir:ro,Z" "-v" "/var/lib/crater-agent-workspace/cargo-home:/opt/rustwide/cargo-home:ro,Z" "-v" "/var/lib/crater-agent-workspace/rustup-home:/opt/rustwide/rustup-home:ro,Z" "-e" "SOURCE_DIR=/opt/rustwide/workdir" "-e" "CARGO_TARGET_DIR=/opt/rustwide/target" "-e" "CARGO_HOME=/opt/rustwide/cargo-home" "-e" "RUSTUP_HOME=/opt/rustwide/rustup-home" "-w" "/opt/rustwide/workdir" "-m" "1610612736" "--user" "0:0" "--network" "none" "rustops/crates-build-env@sha256:d92eaeed33fa75130ca1ee6c8a01d1ffb62bac859dfdfb3450e3e5d1c0146529" "/opt/rustwide/cargo-home/bin/cargo" "+72f88fc4e9458f89516a0b8b0868f3718aec5b47" "metadata" "--no-deps" "--format-version=1", kill_on_drop: false }`
[INFO] [stdout] 676633c81a413690262bfb62746bfbeca494d48e255a90c9dd4e1669ebda0c57
[INFO] [stderr] WARNING: Your kernel does not support swap limit capabilities or the cgroup is not mounted. Memory limited without swap.
[INFO] running `Command { std: "docker" "start" "-a" "676633c81a413690262bfb62746bfbeca494d48e255a90c9dd4e1669ebda0c57", kill_on_drop: false }`
[INFO] running `Command { std: "docker" "inspect" "676633c81a413690262bfb62746bfbeca494d48e255a90c9dd4e1669ebda0c57", kill_on_drop: false }`
[INFO] running `Command { std: "docker" "rm" "-f" "676633c81a413690262bfb62746bfbeca494d48e255a90c9dd4e1669ebda0c57", kill_on_drop: false }`
[INFO] [stdout] 676633c81a413690262bfb62746bfbeca494d48e255a90c9dd4e1669ebda0c57
[INFO] running `Command { std: "docker" "create" "-v" "/var/lib/crater-agent-workspace/builds/worker-8/target:/opt/rustwide/target:rw,Z" "-v" "/var/lib/crater-agent-workspace/builds/worker-8/source:/opt/rustwide/workdir:ro,Z" "-v" "/var/lib/crater-agent-workspace/cargo-home:/opt/rustwide/cargo-home:ro,Z" "-v" "/var/lib/crater-agent-workspace/rustup-home:/opt/rustwide/rustup-home:ro,Z" "-e" "SOURCE_DIR=/opt/rustwide/workdir" "-e" "CARGO_TARGET_DIR=/opt/rustwide/target" "-e" "CARGO_INCREMENTAL=0" "-e" "RUST_BACKTRACE=full" "-e" "RUSTFLAGS=--cap-lints=forbid" "-e" "CARGO_HOME=/opt/rustwide/cargo-home" "-e" "RUSTUP_HOME=/opt/rustwide/rustup-home" "-w" "/opt/rustwide/workdir" "-m" "1610612736" "--user" "0:0" "--network" "none" "rustops/crates-build-env@sha256:d92eaeed33fa75130ca1ee6c8a01d1ffb62bac859dfdfb3450e3e5d1c0146529" "/opt/rustwide/cargo-home/bin/cargo" "+72f88fc4e9458f89516a0b8b0868f3718aec5b47" "check" "--frozen" "--all" "--all-targets" "--message-format=json", kill_on_drop: false }`
[INFO] [stdout] 560f22823d7b6fd5d7a13c0ef433b9eb136b5faef1258b2a8498fb5a438f0359
[INFO] [stderr] WARNING: Your kernel does not support swap limit capabilities or the cgroup is not mounted. Memory limited without swap.
[INFO] running `Command { std: "docker" "start" "-a" "560f22823d7b6fd5d7a13c0ef433b9eb136b5faef1258b2a8498fb5a438f0359", kill_on_drop: false }`
[INFO] [stderr]    Compiling syn v1.0.30
[INFO] [stderr]    Compiling autocfg v1.0.0
[INFO] [stderr]    Compiling libm v0.2.1
[INFO] [stderr]    Compiling getrandom v0.1.14
[INFO] [stderr]    Compiling typenum v1.12.0
[INFO] [stderr]     Checking ppv-lite86 v0.2.8
[INFO] [stderr]    Compiling either v1.5.3
[INFO] [stderr]     Checking bytes v0.5.4
[INFO] [stderr]    Compiling unicode-segmentation v1.6.0
[INFO] [stderr]     Checking lazy_static v1.4.0
[INFO] [stderr]     Checking ansi_term v0.11.0
[INFO] [stderr]     Checking vec_map v0.8.2
[INFO] [stderr]     Checking strsim v0.8.0
[INFO] [stderr]     Checking yansi v0.5.0
[INFO] [stderr]    Compiling proc-macro-error-attr v1.0.2
[INFO] [stderr]    Compiling proc-macro-error v1.0.2
[INFO] [stderr]     Checking textwrap v0.11.0
[INFO] [stderr]     Checking matrixmultiply v0.2.3
[INFO] [stderr]    Compiling proc-macro2 v1.0.18
[INFO] [stderr]    Compiling itertools v0.8.2
[INFO] [stderr]    Compiling heck v0.3.1
[INFO] [stderr]    Compiling anyhow v1.0.31
[INFO] [stderr]     Checking log v0.4.11
[INFO] [stderr]    Compiling assert2-macros v0.2.1
[INFO] [stderr]     Checking net2 v0.2.34
[INFO] [stderr]     Checking clap v2.33.1
[INFO] [stderr]    Compiling quote v1.0.7
[INFO] [stderr]     Checking rand_core v0.5.1
[INFO] [stderr]     Checking mio v0.6.22
[INFO] [stderr]    Compiling num-traits v0.2.11
[INFO] [stderr]    Compiling num-complex v0.2.4
[INFO] [stderr]    Compiling num-integer v0.1.42
[INFO] [stderr]    Compiling num-rational v0.2.4
[INFO] [stderr]     Checking rand_chacha v0.2.2
[INFO] [stderr]     Checking rand v0.7.3
[INFO] [stderr]     Checking generic-array v0.13.2
[INFO] [stderr]     Checking approx v0.3.2
[INFO] [stderr]     Checking rand_distr v0.2.2
[INFO] [stderr]    Compiling syn-mid v0.5.0
[INFO] [stderr]    Compiling paste-impl v0.1.16
[INFO] [stderr]    Compiling prost-derive v0.6.1
[INFO] [stderr]    Compiling tokio-macros v0.2.5
[INFO] [stderr]     Checking assert2 v0.2.1
[INFO] [stderr]     Checking paste v0.1.16
[INFO] [stderr]     Checking simba v0.1.5
[INFO] [stderr]     Checking tokio v0.2.21
[INFO] [stderr]    Compiling structopt-derive v0.4.7
[INFO] [stderr]     Checking nalgebra v0.21.1
[INFO] [stderr]     Checking prost v0.6.1
[INFO] [stderr]     Checking structopt v0.3.14
[INFO] [stderr]     Checking abbegm v0.4.1 (/opt/rustwide/workdir)
[INFO] [stdout] error[E0433]: failed to resolve: could not find `signal` in `tokio`
[INFO] [stdout]    --> examples/speed.rs:121:14
[INFO] [stdout]     |
[INFO] [stdout] 121 |         use tokio::signal::unix::{signal, SignalKind};
[INFO] [stdout]     |                    ^^^^^^ could not find `signal` in `tokio`
[INFO] [stdout] 
[INFO] [stdout] 
[INFO] [stdout] error[E0433]: failed to resolve: use of undeclared type or module `rand`
[INFO] [stdout]    --> examples/speed.rs:135:6
[INFO] [stdout]     |
[INFO] [stdout] 135 |     use rand::distributions::Distribution;
[INFO] [stdout]     |         ^^^^ use of undeclared type or module `rand`
[INFO] [stdout] 
[INFO] [stdout] 
[INFO] [stdout] error[E0432]: unresolved import `tokio::time`
[INFO] [stdout]  --> examples/speed.rs:9:12
[INFO] [stdout]   |
[INFO] [stdout] 9 | use tokio::time::timeout;
[INFO] [stdout]   |            ^^^^ could not find `time` in `tokio`
[INFO] [stdout] 
[INFO] [stdout] 
[INFO] [stdout] error[E0433]: failed to resolve: use of undeclared type or module `log`
[INFO] [stdout]   --> examples/speed.rs:74:14
[INFO] [stdout]    |
[INFO] [stdout] 74 |         return Err(log::error!("refusing to send motion commands to the robot without --confirm-motion flag"))
[INFO] [stdout]    |                    ^^^ use of undeclared type or module `log`
[INFO] [stdout] 
[INFO] [stdout] 
[INFO] [stdout] error[E0433]: failed to resolve: use of undeclared type or module `log`
[INFO] [stdout]   --> examples/speed.rs:81:18
[INFO] [stdout]    |
[INFO] [stdout] 81 |                 .map_err(|e| log::error!("failed to create log file {}: {}", path.display(), e))?;
[INFO] [stdout]    |                              ^^^ use of undeclared type or module `log`
[INFO] [stdout] 
[INFO] [stdout] 
[INFO] [stdout] error[E0433]: failed to resolve: use of undeclared type or module `log`
[INFO] [stdout]   --> examples/speed.rs:87:36
[INFO] [stdout]    |
[INFO] [stdout] 87 |         log_header(log_file).map_err(|e| log::error!("failed to write header to CSV log: {}", e))?;
[INFO] [stdout]    |                                          ^^^ use of undeclared type or module `log`
[INFO] [stdout] 
[INFO] [stdout] 
[INFO] [stdout] error[E0433]: failed to resolve: use of undeclared type or module `log`
[INFO] [stdout]   --> examples/speed.rs:91:16
[INFO] [stdout]    |
[INFO] [stdout] 91 |         .map_err(|e| log::error!("failed to bind to local enpoint {}: {}", options.bind, e))?;
[INFO] [stdout]    |                      ^^^ use of undeclared type or module `log`
[INFO] [stdout] 
[INFO] [stdout] 
[INFO] [stdout] error[E0433]: failed to resolve: use of undeclared type or module `log`
[INFO] [stdout]   --> examples/speed.rs:94:16
[INFO] [stdout]    |
[INFO] [stdout] 94 |         .map_err(|e| log::error!("failed to get local socket address: {}", e))?;
[INFO] [stdout]    |                      ^^^ use of undeclared type or module `log`
[INFO] [stdout] 
[INFO] [stdout] 
[INFO] [stdout] error[E0433]: failed to resolve: use of undeclared type or module `log`
[INFO] [stdout]   --> examples/speed.rs:96:2
[INFO] [stdout]    |
[INFO] [stdout] 96 |     log::info!("Listening for messages on {}", local_address);
[INFO] [stdout]    |     ^^^ use of undeclared type or module `log`
[INFO] [stdout] 
[INFO] [stdout] 
[INFO] [stdout] error[E0433]: failed to resolve: use of undeclared type or module `log`
[INFO] [stdout]   --> examples/speed.rs:99:16
[INFO] [stdout]    |
[INFO] [stdout] 99 |         .map_err(|e| log::error!("failed to receive robot state: {}", e))?;
[INFO] [stdout]    |                      ^^^ use of undeclared type or module `log`
[INFO] [stdout] 
[INFO] [stdout] 
[INFO] [stdout] error[E0433]: failed to resolve: use of undeclared type or module `log`
[INFO] [stdout]    --> examples/speed.rs:101:2
[INFO] [stdout]     |
[INFO] [stdout] 101 |     log::info!("Received initial robot state.");
[INFO] [stdout]     |     ^^^ use of undeclared type or module `log`
[INFO] [stdout] 
[INFO] [stdout] 
[INFO] [stdout] error[E0433]: failed to resolve: use of undeclared type or module `log`
[INFO] [stdout]    --> examples/speed.rs:107:18
[INFO] [stdout]     |
[INFO] [stdout] 107 |         .ok_or_else(|| log::error!("missing `feedback.pose` in robot_message"))?
[INFO] [stdout]     |                        ^^^ use of undeclared type or module `log`
[INFO] [stdout] 
[INFO] [stdout] 
[INFO] [stdout] error[E0433]: failed to resolve: use of undeclared type or module `log`
[INFO] [stdout]    --> examples/speed.rs:109:16
[INFO] [stdout]     |
[INFO] [stdout] 109 |         .map_err(|e| log::error!("failed to convert pose to isometry: {}", e))?;
[INFO] [stdout]     |                      ^^^ use of undeclared type or module `log`
[INFO] [stdout] 
[INFO] [stdout] 
[INFO] [stdout] error[E0433]: failed to resolve: use of undeclared type or module `log`
[INFO] [stdout]    --> examples/speed.rs:122:65
[INFO] [stdout]     |
[INFO] [stdout] 122 |         let mut sigterm = signal(SignalKind::terminate()).map_err(|e| log::error!("failed to install SIGTERM handler: {}", e))?;
[INFO] [stdout]     |                                                                       ^^^ use of undeclared type or module `log`
[INFO] [stdout] 
[INFO] [stdout] 
[INFO] [stdout] error[E0433]: failed to resolve: use of undeclared type or module `log`
[INFO] [stdout]    --> examples/speed.rs:123:64
[INFO] [stdout]     |
[INFO] [stdout] 123 |         let mut sigint = signal(SignalKind::interrupt()).map_err(|e| log::error!("failed to install SIGINT handler: {}", e))?;
[INFO] [stdout]     |                                                                      ^^^ use of undeclared type or module `log`
[INFO] [stdout] 
[INFO] [stdout] 
[INFO] [stdout] error[E0433]: failed to resolve: use of undeclared type or module `log`
[INFO] [stdout]    --> examples/speed.rs:130:4
[INFO] [stdout]     |
[INFO] [stdout] 130 |             log::info!("caught {}, exitting", signal);
[INFO] [stdout]     |             ^^^ use of undeclared type or module `log`
[INFO] [stdout] 
[INFO] [stdout] 
[INFO] [stdout] error[E0433]: failed to resolve: use of undeclared type or module `log`
[INFO] [stdout]    --> examples/speed.rs:141:29
[INFO] [stdout]     |
[INFO] [stdout] 141 |             Ok(Err(e)) => return Err(log::error!("failed to receive robot state: {}", e)),
[INFO] [stdout]     |                                      ^^^ use of undeclared type or module `log`
[INFO] [stdout] 
[INFO] [stdout] 
[INFO] [stdout] error[E0433]: failed to resolve: use of undeclared type or module `log`
[INFO] [stdout]    --> examples/speed.rs:145:50
[INFO] [stdout]     |
[INFO] [stdout] 145 |         let time = state.feedback_time().ok_or_else(|| log::error!("missing `feedback.clock` in robot message"))?;
[INFO] [stdout]     |                                                        ^^^ use of undeclared type or module `log`
[INFO] [stdout] 
[INFO] [stdout] 
[INFO] [stdout] error[E0433]: failed to resolve: use of undeclared type or module `log`
[INFO] [stdout]    --> examples/speed.rs:146:3
[INFO] [stdout]     |
[INFO] [stdout] 146 |         log::debug!("Received robot state message from {}:", address);
[INFO] [stdout]     |         ^^^ use of undeclared type or module `log`
[INFO] [stdout] 
[INFO] [stdout] 
[INFO] [stdout] error[E0433]: failed to resolve: use of undeclared type or module `log`
[INFO] [stdout]    --> examples/speed.rs:150:19
[INFO] [stdout]     |
[INFO] [stdout] 150 |             .ok_or_else(|| log::error!("missing `feedback.pose` in robot_message"))?
[INFO] [stdout]     |                            ^^^ use of undeclared type or module `log`
[INFO] [stdout] 
[INFO] [stdout] 
[INFO] [stdout] error[E0433]: failed to resolve: use of undeclared type or module `log`
[INFO] [stdout]    --> examples/speed.rs:152:17
[INFO] [stdout]     |
[INFO] [stdout] 152 |             .map_err(|e| log::error!("failed to convert pose to isometry: {}", e))?;
[INFO] [stdout]     |                          ^^^ use of undeclared type or module `log`
[INFO] [stdout] 
[INFO] [stdout] 
[INFO] [stdout] error[E0433]: failed to resolve: use of undeclared type or module `log`
[INFO] [stdout]    --> examples/speed.rs:185:18
[INFO] [stdout]     |
[INFO] [stdout] 185 |                 .map_err(|e| log::error!("failed to write header to CSV log: {}", e))?
[INFO] [stdout]     |                              ^^^ use of undeclared type or module `log`
[INFO] [stdout] 
[INFO] [stdout] 
[INFO] [stdout] error[E0433]: failed to resolve: use of undeclared type or module `log`
[INFO] [stdout]    --> examples/speed.rs:191:17
[INFO] [stdout]     |
[INFO] [stdout] 191 |             .map_err(|e| log::error!("failed to send message to robot: {}", e))?;
[INFO] [stdout]     |                          ^^^ use of undeclared type or module `log`
[INFO] [stdout] 
[INFO] [stdout] 
[INFO] [stdout] error[E0433]: failed to resolve: use of undeclared type or module `SignalKind`
[INFO] [stdout]    --> examples/speed.rs:122:28
[INFO] [stdout]     |
[INFO] [stdout] 122 |         let mut sigterm = signal(SignalKind::terminate()).map_err(|e| log::error!("failed to install SIGTERM handler: {}", e))?;
[INFO] [stdout]     |                                  ^^^^^^^^^^ use of undeclared type or module `SignalKind`
[INFO] [stdout] 
[INFO] [stdout] 
[INFO] [stdout] error[E0433]: failed to resolve: use of undeclared type or module `SignalKind`
[INFO] [stdout]    --> examples/speed.rs:123:27
[INFO] [stdout]     |
[INFO] [stdout] 123 |         let mut sigint = signal(SignalKind::interrupt()).map_err(|e| log::error!("failed to install SIGINT handler: {}", e))?;
[INFO] [stdout]     |                                 ^^^^^^^^^^ use of undeclared type or module `SignalKind`
[INFO] [stdout] 
[INFO] [stdout] 
[INFO] [stdout] error[E0433]: failed to resolve: use of undeclared type or module `rand`
[INFO] [stdout]    --> examples/speed.rs:136:27
[INFO] [stdout]     |
[INFO] [stdout] 136 |     let noise_distribution = rand::distributions::Uniform::new_inclusive(-options.speed_noise, options.speed_noise);
[INFO] [stdout]     |                              ^^^^ use of undeclared type or module `rand`
[INFO] [stdout] 
[INFO] [stdout] 
[INFO] [stdout] error[E0433]: failed to resolve: could not find `time` in `tokio`
[INFO] [stdout]    --> examples/speed.rs:139:39
[INFO] [stdout]     |
[INFO] [stdout] 139 |         let (state, address) = match tokio::time::timeout(Duration::from_millis(50), peer.recv_from()).await {
[INFO] [stdout]     |                                             ^^^^ could not find `time` in `tokio`
[INFO] [stdout] 
[INFO] [stdout] 
[INFO] [stdout] error[E0433]: failed to resolve: could not find `time` in `tokio`
[INFO] [stdout]    --> examples/speed.rs:142:15
[INFO] [stdout]     |
[INFO] [stdout] 142 |             Err(tokio::time::Elapsed { .. }) => continue,
[INFO] [stdout]     |                        ^^^^ could not find `time` in `tokio`
[INFO] [stdout] 
[INFO] [stdout] 
[INFO] [stdout] error[E0433]: failed to resolve: use of undeclared type or module `rand`
[INFO] [stdout]    --> examples/speed.rs:180:125
[INFO] [stdout]     |
[INFO] [stdout] 180 | ...peed) + noise_distribution.sample(&mut rand::rngs::OsRng);
[INFO] [stdout]     |                                                 ^^^^ use of undeclared type or module `rand`
[INFO] [stdout] 
[INFO] [stdout] 
[INFO] [stdout] error[E0433]: failed to resolve: use of undeclared type or module `env_logger`
[INFO] [stdout]    --> examples/speed.rs:216:2
[INFO] [stdout]     |
[INFO] [stdout] 216 |     env_logger::from_env(env_logger::Env::default().default_filter_or("info")).init();
[INFO] [stdout]     |     ^^^^^^^^^^ use of undeclared type or module `env_logger`
[INFO] [stdout] 
[INFO] [stdout] 
[INFO] [stdout] error[E0433]: failed to resolve: use of undeclared type or module `env_logger`
[INFO] [stdout]    --> examples/speed.rs:216:23
[INFO] [stdout]     |
[INFO] [stdout] 216 |     env_logger::from_env(env_logger::Env::default().default_filter_or("info")).init();
[INFO] [stdout]     |                          ^^^^^^^^^^ use of undeclared type or module `env_logger`
[INFO] [stdout] 
[INFO] [stdout] 
[INFO] [stdout] error[E0425]: cannot find function `signal` in this scope
[INFO] [stdout]    --> examples/speed.rs:122:21
[INFO] [stdout]     |
[INFO] [stdout] 122 |         let mut sigterm = signal(SignalKind::terminate()).map_err(|e| log::error!("failed to install SIGTERM handler: {}", e))?;
[INFO] [stdout]     |                           ^^^^^^ not found in this scope
[INFO] [stdout] 
[INFO] [stdout] 
[INFO] [stdout] error[E0425]: cannot find function `signal` in this scope
[INFO] [stdout]    --> examples/speed.rs:123:20
[INFO] [stdout]     |
[INFO] [stdout] 123 |         let mut sigint = signal(SignalKind::interrupt()).map_err(|e| log::error!("failed to install SIGINT handler: {}", e))?;
[INFO] [stdout]     |                          ^^^^^^ not found in this scope
[INFO] [stdout] 
[INFO] [stdout] 
[INFO] [stdout] error[E0599]: no method named `poll` found for struct `Pin<&mut _>` in the current scope
[INFO] [stdout]    --> examples/speed.rs:126:17
[INFO] [stdout]     |
[INFO] [stdout] 126 |               let signal = tokio::select!(
[INFO] [stdout]     |  __________________________^
[INFO] [stdout] 127 | |                 _ = sigterm.recv() => "SIGTERM",
[INFO] [stdout] 128 | |                 _ = sigint.recv() => "SIGINT",
[INFO] [stdout] 129 | |             );
[INFO] [stdout]     | |_____________^ method not found in `Pin<&mut _>`
[INFO] [stdout]     |
[INFO] [stdout]     = note: `fut` is a function, perhaps you wish to call it
[INFO] [stdout]     = note: this error originates in a macro (in Nightly builds, run with -Z macro-backtrace for more info)
[INFO] [stdout] 
[INFO] [stdout] 
[INFO] [stdout] error[E0599]: no method named `poll` found for struct `Pin<_>` in the current scope
[INFO] [stdout]    --> examples/speed.rs:126:17
[INFO] [stdout]     |
[INFO] [stdout] 126 |               let signal = tokio::select!(
[INFO] [stdout]     |  __________________________^
[INFO] [stdout] 127 | |                 _ = sigterm.recv() => "SIGTERM",
[INFO] [stdout] 128 | |                 _ = sigint.recv() => "SIGINT",
[INFO] [stdout] 129 | |             );
[INFO] [stdout]     | |_____________^ method not found in `Pin<_>`
[INFO] [stdout]     |
[INFO] [stdout]     = note: `fut` is a function, perhaps you wish to call it
[INFO] [stdout]     = note: this error originates in a macro (in Nightly builds, run with -Z macro-backtrace for more info)
[INFO] [stdout] 
[INFO] [stdout] 
[INFO] [stdout] error[E0277]: the trait bound `EgmCartesianSpeed: From<Matrix<f64, U3, U1, ArrayStorage<f64, U3, U1>>>` is not satisfied
[INFO] [stdout]    --> examples/speed.rs:188:17
[INFO] [stdout]     |
[INFO] [stdout] 188 |         let message = abbegm::msg::EgmSensor::pose_target_with_speed(sequence_number, current_pose, target_speed, time);
[INFO] [stdout]     |                       ^^^^^^^^^^^^^^^^^^^^^^^^^^^^^^^^^^^^^^^^^^^^^^ the trait `From<Matrix<f64, U3, U1, ArrayStorage<f64, U3, U1>>>` is not implemented for `EgmCartesianSpeed`
[INFO] [stdout]     | 
[INFO] [stdout]    ::: /opt/rustwide/workdir/src/lib.rs:526:100
[INFO] [stdout]     |
[INFO] [stdout] 526 | ...peed: impl Into<msg::EgmCartesianSpeed>, time: impl Into<msg::EgmClock>) -> Self {
[INFO] [stdout]     |                  ---------------------------- required by this bound in `abbegm::<impl EgmSensor>::pose_target_with_speed`
[INFO] [stdout]     |
[INFO] [stdout]     = help: the following implementations were found:
[INFO] [stdout]               <EgmCartesianSpeed as From<&[f64; 3]>>
[INFO] [stdout]               <EgmCartesianSpeed as From<(f64, f64, f64)>>
[INFO] [stdout]               <EgmCartesianSpeed as From<[f64; 3]>>
[INFO] [stdout]     = note: required because of the requirements on the impl of `Into<EgmCartesianSpeed>` for `Matrix<f64, U3, U1, ArrayStorage<f64, U3, U1>>`
[INFO] [stdout] 
[INFO] [stdout] 
[INFO] [stdout] warning: unused import: `std::convert::TryInto`
[INFO] [stdout]  --> examples/speed.rs:3:5
[INFO] [stdout]   |
[INFO] [stdout] 3 | use std::convert::TryInto;
[INFO] [stdout]   |     ^^^^^^^^^^^^^^^^^^^^^
[INFO] [stdout]   |
[INFO] [stdout]   = note: `#[warn(unused_imports)]` on by default
[INFO] [stdout] 
[INFO] [stdout] 
[INFO] [stdout] error: aborting due to 36 previous errors; 1 warning emitted
[INFO] [stdout] 
[INFO] [stdout] 
[INFO] [stdout] Some errors have detailed explanations: E0277, E0425, E0432, E0433, E0599.
[INFO] [stdout] 
[INFO] [stdout] For more information about an error, try `rustc --explain E0277`.
[INFO] [stdout] 
[INFO] [stderr] error: could not compile `abbegm`.
[INFO] [stderr] 
[INFO] [stderr] To learn more, run the command again with --verbose.
[INFO] [stderr] warning: build failed, waiting for other jobs to finish...
[INFO] [stderr] error: build failed
[INFO] running `Command { std: "docker" "inspect" "560f22823d7b6fd5d7a13c0ef433b9eb136b5faef1258b2a8498fb5a438f0359", kill_on_drop: false }`
[INFO] running `Command { std: "docker" "rm" "-f" "560f22823d7b6fd5d7a13c0ef433b9eb136b5faef1258b2a8498fb5a438f0359", kill_on_drop: false }`
[INFO] [stdout] 560f22823d7b6fd5d7a13c0ef433b9eb136b5faef1258b2a8498fb5a438f0359
